 is divided by 218.
192
What is the remainder when 17224 is divided by 27?
25
Calculate the remainder when 267 is divided by 90.
87
What is the remainder when 33 is divided by 17?
16
Calculate the remainder when 92 is divided by 16.
12
What is the remainder when 122 is divided by 27?
14
What is the remainder when 255 is divided by 18?
3
What is the remainder when 9916 is divided by 18?
16
Calculate the remainder when 161 is divided by 39.
5
Calculate the remainder when 467 is divided by 117.
116
What is the remainder when 482 is divided by 121?
119
What is the remainder when 54 is divided by 20?
14
Calculate the remainder when 2049 is divided by 137.
131
Calculate the remainder when 186 is divided by 19.
15
Calculate the remainder when 1071 is divided by 212.
11
Calculate the remainder when 277 is divided by 141.
136
What is the remainder when 130 is divided by 5?
0
Calculate the remainder when 879 is divided by 222.
213
Calculate the remainder when 374 is divided by 20.
14
What is the remainder when 17788 is divided by 16?
12
What is the remainder when 991 is divided by 83?
78
Calculate the remainder when 2351 is divided by 107.
104
What is the remainder when 14761 is divided by 122?
121
Calculate the remainder when 307 is divided by 14.
13
Calculate the remainder when 116 is divided by 7.
4
Calculate the remainder when 189 is divided by 101.
88
What is the remainder when 399 is divided by 29?
22
Calculate the remainder when 255 is divided by 22.
13
What is the remainder when 328 is divided by 66?
64
Calculate the remainder when 998 is divided by 200.
198
Calculate the remainder when 1705 is divided by 171.
166
What is the remainder when 308 is divided by 124?
60
Calculate the remainder when 798 is divided by 259.
21
Calculate the remainder when 8014 is divided by 35.
34
What is the remainder when 722 is divided by 268?
186
What is the remainder when 1476 is divided by 17?
14
Calculate the remainder when 168 is divided by 19.
16
What is the remainder when 4101 is divided by 19?
16
Calculate the remainder when 2157 is divided by 13.
12
What is the remainder when 2194 is divided by 182?
10
Calculate the remainder when 227 is divided by 7.
3
What is the remainder when 2758 is divided by 15?
13
Calculate the remainder when 407 is divided by 102.
101
What is the remainder when 204 is divided by 90?
24
What is the remainder when 171 is divided by 31?
16
What is the remainder when 238 is divided by 193?
45
What is the remainder when 908 is divided by 91?
89
What is the remainder when 129 is divided by 9?
3
Calculate the remainder when 37 is divided by 19.
18
Calculate the remainder when 700 is divided by 87.
4
What is the remainder when 483 is divided by 6?
3
Calculate the remainder when 999 is divided by 116.
71
Calculate the remainder when 306 is divided by 34.
0
Calculate the remainder when 271 is divided by 4.
3
Calculate the remainder when 435 is divided by 233.
202
What is the remainder when 710 is divided by 21?
17
What is the remainder when 270 is divided by 106?
58
What is the remainder when 1389 is divided by 82?
77
Calculate the remainder when 2459 is divided by 30.
29
What is the remainder when 249 is divided by 28?
25
Calculate the remainder when 4639 is divided by 2315.
9
What is the remainder when 478 is divided by 30?
28
Calculate the remainder when 178 is divided by 7.
3
What is the remainder when 1575 is divided by 783?
9
Calculate the remainder when 165 is divided by 89.
76
Calculate the remainder when 939 is divided by 11.
4
What is the remainder when 185 is divided by 31?
30
Calculate the remainder when 24507 is divided by 114.
111
What is the remainder when 637 is divided by 58?
57
What is the remainder when 2057 is divided by 684?
5
Calculate the remainder when 474 is divided by 14.
12
Calculate the remainder when 732 is divided by 15.
12
Calculate the remainder when 520 is divided by 152.
64
What is the remainder when 122 is divided by 30?
2
What is the remainder when 1338 is divided by 39?
12
What is the remainder when 1002 is divided by 15?
12
What is the remainder when 36 is divided by 36?
0
Calculate the remainder when 476 is divided by 76.
20
Calculate the remainder when 263 is divided by 85.
8
Calculate the remainder when 1635 is divided by 13.
10
What is the remainder when 65 is divided by 9?
2
What is the remainder when 745 is divided by 42?
31
Calculate the remainder when 1369 is divided by 137.
136
What is the remainder when 5355 is divided by 52?
51
Calculate the remainder when 80 is divided by 6.
2
Calculate the remainder when 271 is divided by 28.
19
What is the remainder when 1683 is divided by 560?
3
Calculate the remainder when 657 is divided by 218.
3
Calculate the remainder when 2966 is divided by 18.
14
What is the remainder when 185 is divided by 127?
58
What is the remainder when 366 is divided by 167?
32
What is the remainder when 736 is divided by 62?
54
Calculate the remainder when 56814 is divided by 59.
56
Calculate the remainder when 6453 is divided by 8.
5
What is the remainder when 57 is divided by 40?
17
Calculate the remainder when 4799 is divided by 160.
159
Calculate the remainder when 597 is divided by 100.
97
Calculate the remainder when 93 is divided by 25.
18
What is the remainder when 68 is divided by 33?
2
Calculate the remainder when 290 is divided by 73.
71
Calculate the remainder when 2782 is divided by 925.
7
What is the remainder when 363 is divided by 105?
48
What is the remainder when 803 is divided by 399?
5
What is the remainder when 119 is divided by 6?
5
Calculate the remainder when 1220 is divided by 77.
65
Calculate the remainder when 38 is divided by 30.
8
What is the remainder when 1693 is divided by 1690?
3
What is the remainder when 5902 is divided by 16?
14
What is the remainder when 16 is divided by 9?
7
Calculate the remainder when 85 is divided by 8.
5
Calculate the remainder when 658 is divided by 33.
31
What is the remainder when 426 is divided by 38?
8
What is the remainder when 304 is divided by 63?
52
What is the remainder when 938 is divided by 44?
14
Calculate the remainder when 1001 is divided by 53.
47
Calculate the remainder when 935 is divided by 47.
42
What is the remainder when 455 is divided by 46?
41
Calculate the remainder when 149 is divided by 78.
71
What is the remainder when 2935 is divided by 105?
100
What is the remainder when 1269 is divided by 20?
9
What is the remainder when 202 is divided by 19?
12
Calculate the remainder when 118 is divided by 26.
14
Calculate the remainder when 220 is divided by 193.
27
What is the remainder when 526 is divided by 33?
31
What is the remainder when 113 is divided by 13?
9
Calculate the remainder when 341 is divided by 24.
5
What is the remainder when 90 is divided by 7?
6
Calculate the remainder when 1231 is divided by 87.
13
Calculate the remainder when 192 is divided by 51.
39
Calculate the remainder when 3403 is divided by 24.
19
What is the remainder when 133 is divided by 68?
65
Calculate the remainder when 122 is divided by 114.
8
What is the remainder when 1342 is divided by 3?
1
Calculate the remainder when 755 is divided by 126.
125
Calculate the remainder when 636 is divided by 9.
6
What is the remainder when 1336 is divided by 20?
16
Calculate the remainder when 659 is divided by 12.
11
Calculate the remainder when 714 is divided by 99.
21
What is the remainder when 417 is divided by 77?
32
Calculate the remainder when 473 is divided by 37.
29
Calculate the remainder when 5217 is divided by 1043.
2
What is the remainder when 92 is divided by 64?
28
What is the remainder when 6652 is divided by 2215?
7
What is the remainder when 1098 is divided by 262?
50
Calculate the remainder when 505 is divided by 30.
25
Calculate the remainder when 197 is divided by 34.
27
What is the remainder when 726 is divided by 226?
48
Calculate the remainder when 160 is divided by 160.
0
What is the remainder when 417 is divided by 120?
57
What is the remainder when 1042 is divided by 29?
27
Calculate the remainder when 130 is divided by 33.
31
Calculate the remainder when 3224 is divided by 12.
8
What is the remainder when 278 is divided by 20?
18
What is the remainder when 65 is divided by 17?
14
What is the rem